 List the prime factors of i(6).
19
Let g be 3 - (1 - -9 - -2). List the prime factors of 20 + g/6*2.
17
Let c(v) = v**2 + 2*v. List the prime factors of c(-4).
2
Let b = -103 + 149. What are the prime factors of b?
2, 23
Let p(d) = d**3 + 5*d**2 + 5*d + 4. What are the prime factors of p(-3)?
7
Suppose 0 = -0*p - 3*p - 12. Let m = -1 - p. Suppose -2*v + 7 + m = 0. List the prime factors of v.
5
Suppose 3*x - 6*x + 132 = 0. Let a be (-2)/11 - (-96)/x. List the prime factors of (-78)/(-21) + a/7.
2
Let a(j) = -2*j**2 - 10*j - 9. Let i(r) = -r**2 - 5*r - 5. Let m(v) = -4*a(v) + 7*i(v). What are the prime factors of m(-7)?
3, 5
Let n = -93 - -160. What are the prime factors of n?
67
Let k = -21 + 14. What are the prime factors of 112/(-24)*(k - -1)?
2, 7
Let a(y) = y + 9. Let m be a(-7). Suppose -5*s + 24 = m*r, -6*r + r = s - 60. List the prime factors of r.
2, 3
Let w be (-11 + (-2 - -1))*1*-1. Let t = 0 + 3. Suppose -t*m + 2*g = -38, -3*m - g + 14 + w = 0. What are the prime factors of m?
2, 5
Let a = -5 + 10. Let l = -15 - -16. Suppose -2*w - 41 = -a*s, -2*s + w - l = 6*w. List the prime factors of s.
7
What are the prime factors of (-3)/(-2)*11/((-33)/(-274))?
137
Suppose 3*n + n + 38 = -5*g, -2*g = 3*n + 11. List the prime factors of 12/(-10)*g/3.
2
Let s(m) = 5*m**3 - 13*m**2 + 10*m + 2. Let v(k) = -4*k**3 + 12*k**2 - 9*k - 3. Let q(u) = 3*s(u) + 4*v(u). What are the prime factors of q(8)?
2, 5
Suppose -37 = -4*q + 3*s, 0 = -2*q - 0*s + 5*s + 29. List the prime factors of q.
7
What are the prime factors of 885/10 + 3/(-2)?
3, 29
Let g be 4/8 + 1/(-2). Let n be (1 + g)/(3/36). Suppose v - 12 = -2*b, -n = -4*b + b. List the prime factors of v.
2
Let y = 13 - 4. Let j be ((-12)/y)/((-6)/9). List the prime factors of (j + 1)*(1 - 0).
3
Let t(p) = 3*p**2 + p + 8. What are the prime factors of t(-4)?
2, 13
Suppose 3*l - 158 = -2*o - 0*o, 4*l - 3*o - 205 = 0. What are the prime factors of l?
2, 13
Suppose 0 = 5*u - 24 - 126. What are the prime factors of u?
2, 3, 5
Suppose 4*m - 9 = 87. What are the prime factors of m?
2, 3
Let u(n) = 5*n**3 + 9*n**2 - 7*n + 6. Let h(z) = -z**3 - z**2 - 1. Let y(m) = 4*h(m) + u(m). List the prime factors of y(-6).
2
Let a(u) = -6*u + 6. Suppose j + 4*j = -25. Let l be a(j). Suppose -6*m + 2*m + l = 0. List the prime factors of m.
3
Let o = -415 - -664. What are the prime factors of o?
3, 83
Let m = -6 + 15. What are the prime factors of m?
3
Let s(c) = -3*c**3 - 7 + 5*c**2 + 0*c**3 + 7*c + 2*c**3. Let x be s(6). List the prime factors of x/3 + (-75)/(-9).
2
Suppose -157*h = -159*h + 118. What are the prime factors of h?
59
Let t be ((-15)/10)/(3/(-2)). List the prime factors of t*(19 - 3/3).
2, 3
Let q be (-108)/16*2*-2. Suppose -4*w - q = -87. Let s = w + -8. List the prime factors of s.
7
Let s = -4 + 20. Suppose 2*n = -3*v + 30, -7*v + 3*v - s = -2*n. What are the prime factors of n?
2, 3
Let u(h) be the second derivative of 5/6*h**3 - 5/12*h**4 + h**2 + 2*h - 1/20*h**5 + 0. What are the prime factors of u(-6)?
2
Let o(r) = -r**3 - 7*r**2 - 16*r - 6. What are the prime factors of o(-7)?
2, 53
Suppose -3*u + 4*j + 5 = -19, -3*j = u + 5. Let r be (0 + 1)/(u/36). Let h = 13 - r. List the prime factors of h.
2
Let x be (8/(-10))/(2/(-15)). Let b = x + -6. Suppose -y + 2 + 7 = b. List the prime factors of y.
3
Let q = -3 - -12. Let p(y) = 4*y**2 + 5*y + 37. Let n(i) = i**2 + i + 9. Let o(a) = q*n(a) - 2*p(a). What are the prime factors of o(0)?
7
Let t(y) be the third derivative of -y**6/120 - y**5/5 - y**4/24 + 17*y**3/6 + 3*y**2. List the prime factors of t(-12).
29
Let t be (-1)/2*(-8 + 4). Suppose -s - b + 28 = 0, t*s + b + 3*b = 48. Suppose 5*u = 3*u + s. What are the prime factors of u?
2
Let c(f) = -f**2 - 3*f + 4. Let p be c(-4). List the prime factors of p + 3 - 33*-1.
2, 3
Suppose -4*s + 2 - 6 = 0. Let f = s + 13. What are the prime factors of f?
2, 3
Suppose 4*a + 180 = 2*f - 84, 0 = -3*f - a + 431. List the prime factors of f.
2, 71
Let m(i) = -13*i**2 + 5*i + 12*i**2 + 0*i. Let w be m(4). Suppose 3*t + 5*s = 18 - 2, w*s = t - 28. List the prime factors of t.
2, 3
Let v be (-2)/(-12) - 174/(-36). Suppose 2*z - 2*u - 52 = -z, -6 = -z - v*u. What are the prime factors of z?
2
Let q be 0/(1/((-2)/(-4))). Suppose -k = -q*k - 12. Suppose 0*v = 4*v - k. List the prime factors of v.
3
Suppose 2*v = -4*k + 30, -3*v + 6*v - 2*k - 5 = 0. Suppose -v*n = -o - n - 5, -2*o + 2*n = -2. Suppose o = -y + 9. List the prime factors of y.
2, 3
Let u(o) = -o. Let c be u(3). Let y = c + 6. What are the prime factors of y?
3
Let w(z) be the second derivative of -z**4/12 + 3*z**3/2 + 6*z**2 - 5*z. Suppose 4*f = 3*k + 31, k = 3*f - 4*k - 15. List the prime factors of w(f).
2
List the prime factors of ((-282)/9)/(1/6*-1).
2, 47
Suppose 0*t - 268 = -4*t. What are the prime factors of t?
67
Let g(a) = -2*a**3 + 2*a**2 - a - 2. Let i be g(-1). Suppose -126 = -3*q + i*n, -2*q + 4*q + n - 69 = 0. What are the prime factors of q?
37
Let r(g) = -g**3 + g**2 + g - 5. What are the prime factors of r(-5)?
2, 5, 7
Let p(z) = 2*z**2 + 3*z. Let j be p(-2). Suppose j*x = -x + 21. What are the prime factors of x?
7
Suppose z - 4 = -0*z. Suppose -y + 16 = -z*t, -5*t = -y + 6*y - 30. Suppose 0 = -5*q + c + 23, 0 = 3*q + 4*c - 15 - y. List the prime factors of q.
5
Suppose -2*x = -108 + 30. What are the prime factors of x?
3, 13
Suppose -2*h + 2*y = -74, h - 4 = 5*y + 53. List the prime factors of h.
2
Suppose -3*y = 2*i - 83, 2*i - 133 = -5*y - 0*i. List the prime factors of y.
5
What are the prime factors of (-188)/(-6) + (-3)/9?
31
Suppose -7*b + 9*b - 190 = 0. What are the prime factors of b?
5, 19
Suppose 3*u - 25 - 11 = -3*q, -27 = -u + 4*q. List the prime factors of u.
3, 5
Let y be 10 + (-2)/2 + 3. Let k = y + -5. Suppose 1 = 2*j - k. What are the prime factors of j?
2
Let g be (9 + -3)*62/3. Suppose -4*m + g - 44 = 0. What are the prime factors of m?
2, 5
Suppose -a - 2 = -b + 5, b - 2 = 0. What are the prime factors of (-6)/(-4)*(a + 7)?
3
Suppose 5*a + 3*b - 401 = 0, 245 - 642 = -5*a - b. What are the prime factors of a?
79
Let o = 10 - 6. What are the prime factors of 45/3*o/10?
2, 3
Let w(x) = x**2 - 6*x - 9. Let a be w(7). What are the prime factors of ((-9)/(-18))/(a/(-76))?
19
Let x = 4 - 1. Suppose 4*h = -x*i + 2, 3*h - 20 = -5. List the prime factors of (-56)/i + (-3)/9.
3
Let k = 18 - 11. What are the prime factors of k?
7
Suppose 14*o + 609 = 1785. What are the prime factors of o?
2, 3, 7
Let h = -2 - -2. Let z(m) = m**2 + 8*m + 9. Let l be z(-7). Suppose j = -h*j + l. What are the prime factors of j?
2
Let a(d) = -3 - 1 - d + 8*d - 7*d**2 + d**3. Let g be a(6). Suppose 0*i = -g*i + 32. List the prime factors of i.
2
Let w(j) = -4*j - 2. Suppose -3*h + 5*l = -2, -h - 2*h - 6 = -3*l. Let g = -9 - h. List the prime factors of w(g).
2, 5
Let x be (-21)/6*(-2 - -4). Let h(f) = -f**3 - 7*f**2 + 6. List the prime factors of h(x).
2, 3
Suppose 5*k = -4*l + 35, -4*k + 3*l = -0 + 3. Let x = 10 - k. Suppose -16 = -3*r - x. What are the prime factors of r?
3
Suppose -319 = -519*b + 518*b. What are the prime factors of b?
11, 29
Let r(i) = 12*i**2 + i - 1. What are the prime factors of r(1)?
2, 3
Let i(l) be the first derivative of l**4/24 + 2*l**2 - 1. Let b(t) be the second derivative of i(t). What are the prime factors of b(5)?
5
Let k(o) be the third derivative of -o**4/24 + o**3/6 - 3*o**2. Let x be k(4). What are the prime factors of (-2 - x)/(3/51)?
17
Let i(z) = 21 - 3*z - 3*z + 5*z. Let p(w) = -2*w + 52. Let j(s) = 12*i(s) - 5*p(s). List the prime factors of j(-8).
2
Let j = 42 + -32. What are the prime factors of j?
2, 5
Let i(p) = -11*p. Let s be i(-1). Suppose u = 3*h + 2*u - s, u = 3*h - 7. List the prime factors of h.
3
Let f = 28 + -22. What are the prime factors of f?
2, 3
Let y(a) = a + 8. Let p be y(-3). Suppose 0 = 4*r - 5*v - 43, -p*r + 0*r = v - 32. List the prime factors of r.
7
Let c(m) = -m + 5. Let f be c(5). Let r = f - 5. Let i = r + 8. List the prime factors of i.
3
Suppose 3*w - 2*v = 92, -2*w + v + 74 = 11. Suppose d - 3*d = 4*s - 40, -4*s + d = -w. List the prime factors of s.
3
Suppose 4*b = 25 - 97. Suppose -3*u + q - 28 = 0, 3*u - 3*q = u - 7. Let a = u - b. What are the prime factors of a?
7
Let v(t